 38. Let o = -14 + u. Let t(r) = 2*r**2 + 5*r + 1. Let a(f) = f**2 + 2*f. Let q(p) = 7*a(p) - 4*t(p). Determine q(o).
1
Let z = 24 - 19. Let u(v) = v**3 - 7*v**3 + 5*v**3 + 0*v**3 - 1 - z*v**2 + 6*v. Calculate u(-6).
-1
Let d(j) = j - 5. Let y(c) = c - 4 + 0*c - 2*c**2 + 3*c**2. Let u be y(-5). Suppose u = 3*v + v. Calculate d(v).
-1
Let j(d) = -3*d - 5. Let r be j(4). Let s(i) = 5*i**2 - 7*i + 13. Let l(t) = 14*t**2 - 21*t + 38. Let w(u) = r*s(u) + 6*l(u). What is w(-6)?
13
Let g(c) = c**3 + 3*c**2 + 3*c. Suppose 3*o - 6 = -0*o. Suppose 4*q = -r - 1 - o, -5 = -r. Determine g(q).
-2
Suppose -5*c - b + 1 = 6, 2*b = -c - 1. Let g(k) = k**3 - k**2 - 2*k + 3. Let i(r) = r**3 + 1. Suppose 3 = h + 2. Let s(w) = h*g(w) - 4*i(w). Calculate s(c).
3
Let s(h) = -2*h - 1 + 16*h**3 - 7*h**3 - 4*h**2 - 8*h**3. Determine s(5).
14
Let g = 48 - 46. Let y(f) = 3*f - 2. Determine y(g).
4
Let y(x) = -4*x + 70. Let w be y(18). Let p(i) = 3*i. Give p(w).
-6
Let f(n) = -n. Let r(l) = -4*l + 7. Suppose 5 = 4*d - 3*d. Let a(g) = d*f(g) - r(g). Let v be ((-7 + 1)/(-2))/(-1). What is a(v)?
-4
Let v(p) = p**2 - 2*p - 1. Let w(l) = -3*l**2 + 6*l + 4. Let c(x) = -8*v(x) - 3*w(x). Let f be (-2)/(-8) + 60/16. What is c(f)?
4
Let s(p) = 1 - 4*p + 7*p - p**2 + 6. Let x(w) = -5*w - 50. Let n be x(-11). What is s(n)?
-3
Let s(k) = k**3 + 5*k**2 + 4*k + 6. Suppose 3*c = 4*g + 2, 0 = -2*c + g + g. Let v be 0/c - (4 + 0). Determine s(v).
6
Let d(c) = -c + 4. Suppose 0 = 3*j - 4*j + 3. Suppose 5*r = -3*n + 18, 4*r + 4*n - j - 5 = 0. Give d(r).
-2
Let u(j) = -2 + j + 1 + 1 + 2. Suppose 5*p - 4*p - 3 = 0. Suppose -2 = -n + p. Calculate u(n).
7
Let m(h) be the first derivative of h**3/3 - h**2 + 7*h - 7. Let t(p) be the first derivative of m(p). Calculate t(-3).
-8
Let g(z) = z**3 - 6*z**2 - z + 8. Let o be g(6). Let q(m) = 2*m**2 + 6*m - 2. Let s(n) = n**2 + 5*n - 2. Let a(c) = -3*q(c) + 4*s(c). What is a(o)?
-6
Let d(v) = 2*v + 8. Let g be (-21)/(-6)*((-1)/(-1) - 3). Determine d(g).
-6
Let l(i) = -i**3 - 3*i**2 - 3*i. Suppose 0 = s + 2*b - 4, 2*s + 5*b - 5 = 8. Let x = 3 + s. Give l(x).
9
Suppose 10*j - 5*j + 3*b - 20 = 0, -j = -5*b + 24. Suppose p = -0*p - j. Let d(r) = 3*r - 1. Determine d(p).
-4
Let n be (80/48)/(1/3). Let z(f) be the second derivative of f**4/12 - 2*f**3/3 + f**2 + 2*f. What is z(n)?
7
Let i(k) be the first derivative of k**4/4 - 3*k**3 - 5*k**2 - 7*k + 5. Calculate i(10).
-7
Let d be -1 - (1 + -1)/(-2). Let h(r) = 2*r + 2. Let a(t) = -t**2 - t - 1. Let q(w) = -11*a(w) - 6*h(w). What is q(d)?
11
Let f be -2 - (-1 - 7/1). Let i(g) = -1066 - 6*g + 538 + 533 + g**2. Calculate i(f).
5
Let m(g) = g**2 + 6*g + 6. Suppose -2*u - 10 = 3*u. Let t be ((-3)/(-9))/(u/(-24)). Suppose 5*y + 28 = -2*w, w + 17 + 3 = -t*y. What is m(w)?
-2
Let j(t) be the third derivative of t**4/24 - 4*t**2. Determine j(5).
5
Let j(g) = -g**3 + 5*g**2 + 5*g + 4. Suppose 6 = 5*s - 4*s. Determine j(s).
-2
Let y be (-30)/9*45/(-25). Let o(n) = -n**2 + 3*n + 8. Calculate o(y).
-10
Let q(y) = y**2 - 2*y - 3. Suppose 3*t = -5*l + 15, 0*t - 7 = -2*l - t. Let v be -2 + l/(3 + -2). What is q(v)?
5
Let j(p) be the first derivative of 4*p**2 - 10. Give j(1).
8
Let p(t) be the first derivative of t**4/4 + t**3/3 + 6*t + 24. What is p(0)?
6
Let o(u) = -3*u**3 + 2*u**2 + 4*u + 4. Let z(m) = -16*m**3 + 10*m**2 + 20*m + 21. Let x(c) = -11*o(c) + 2*z(c). Determine x(-2).
-10
Let t(p) be the third derivative of p**6/720 + p**5/30 + p**4/24 + p**2. Let u(j) be the second derivative of t(j). Give u(-5).
-1
Suppose -2 = -4*g - 5*a, 2*g - 6 = -2*a - 3*a. Let t(b) = 0*b + 4 + 3*b - 1 - 1. Determine t(g).
-4
Let i(h) be the second derivative of h**4/3 - 2*h**3/3 + h**2 - 8*h. Give i(2).
10
Let m(k) be the third derivative of -1/12*k**4 + 0 + 3*k**2 + k**3 + 0*k. What is m(4)?
-2
Suppose 4*l = -1 + 17. Let m(b) = -3*b - 2. Let h(q) = 4*q - 5. Let f(c) = -c + 2. Let u(x) = -8*f(x) - 3*h(x). Let r(o) = l*u(o) - 5*m(o). What is r(3)?
3
Let t be 32/6 - 5/15. Let i(d) = -d + 4*d**2 + 0 - 5*d**2 - t. Let a = 0 + 0. Determine i(a).
-5
Let s(o) = 52*o + 55*o - 109*o. Let p(z) = -2*z - 3. Let h be p(-2). Give s(h).
-2
Suppose -r = -6*r + 15, 0 = -4*o + 2*r + 14. Let l be ((-16)/6)/(-4)*3. Let f(p) = -6*p + 3*p**l - 2*p**3 + 3*p**2 + p**3. Calculate f(o).
-5
Let u(x) = -x**3 + 3*x**2 - x + 1. Suppose -11 = -2*i - w, 0 = -4*i + 3*w - 3. Determine u(i).
-2
Let j be 1/((-2 - -2) + -1). Let l(g) = 2*g**3 - 2*g - 1. Give l(j).
-1
Let o(j) = -3*j**3 + 2*j + 4*j**3 + j - 10*j + 7*j**2 + 1. Calculate o(-8).
-7
Let j = -38 - -37. Let n(p) be the second derivative of p**3 + p**2/2 + p. Let r be n(j). Let i(g) = -g - 7. What is i(r)?
-2
Let n(s) be the second derivative of -s**4/12 - 2*s**3/3 + 3*s**2/2 + s. Suppose 3*p + 4*j = 14, p + 2*j - 9 = -3. Give n(p).
-9
Let q(k) = 2*k + 3. Let i(b) = b + 2. Let r(w) = -5*i(w) + 2*q(w). Give r(-4).
0
Let j(h) = h**2 - 8*h + 4. Suppose -2*g + 9 = q, -7 = 3*q + 4*g - 28. Suppose -10 - 4 = -q*l - c, 8 = -4*l + 4*c. Suppose l*v - 2*v - 4 = 0. Determine j(v).
-12
Let y(g) = -3*g - 2. Let s = -25 + 27. Determine y(s).
-8
Let p(w) = -w**2 + w. Let t(q) = 7*q**2 + 3. Let m(k) = -6*p(k) - t(k). Give m(-7).
-10
Let p(t) = t**3 + 4*t**2 + 3*t + 1. Suppose 2*a - 4 = -2*o, 5*o = 3*a - 29 + 7. What is p(o)?
3
Let o(s) = -2*s**3 - s**2 + 1. Let a(f) = f**2 - 2*f + 1. Let h be a(1). Suppose -4*c + 3 + 1 = h. Let u be o(c). Let m(v) = -v**3 + 3*v + 1. Calculate m(u).
3
Let x(m) = -45*m + 4 - 3 + 20*m. Calculate x(-1).
26
Let v = -5 - -5. Suppose 5*k + 3*s - 4 = 6, 5*s = v. Let o(x) = 1 + 0*x + 2*x**2 - x**k - 3*x. What is o(1)?
-1
Let l(w) = -14*w**2 - 56*w**3 + 12 + 118*w**3 + 12*w - 61*w**3. Calculate l(13).
-1
Suppose 6*j - 2*j = -20. Let u(z) be the second derivative of -z**4/12 - 5*z**3/6 + 2*z**2 + 14*z. Calculate u(j).
4
Suppose 2 = 2*n - 4*r, 3*r - 10 + 1 = 5*n. Let l(o) be the first derivative of o**4/4 + o**3 + 3*o**2/2 + 4*o + 6. Calculate l(n).
-5
Suppose 0*o + 5 = 5*o. Let l(a) = -a**2 + 9*a - 6. Let p be l(8). Let w(i) = -1 + p*i**2 - i**2 - 2*i**2. What is w(o)?
-2
Let b(w) = -2*w + 7*w**3 + 2 - 7*w**3 + w**2 - w**3. Calculate b(2).
-6
Suppose -2*p - 7 = 5*t - 3*p, 4*t + 3*p + 17 = 0. Let i be (-5)/(5/t) + 2. Let q(m) = 7*m + 8. Let d(l) = -l - 1. Let v(a) = i*d(a) + q(a). Calculate v(-4).
-8
Suppose 2*j + o + 23 = -0*j, 4*j + o = -45. Let p(z) = -z**2 - 11*z - 2. Calculate p(j).
-2
Let r(z) be the first derivative of -5*z**3/3 - 3*z**2/2 + 9*z - 4. Let t(v) = -6*v**2 + 3*v**2 - 4*v + 10 - 3*v**2. Let g(h) = 5*r(h) - 4*t(h). Determine g(0).
5
Let m(c) be the first derivative of -3*c**4/2 + 7*c**3/3 - 3*c**2 + 2. Let w(d) = -7*d**3 + 7*d**2 - 6*d - 1. Let t(p) = 6*m(p) - 5*w(p). Give t(6).
5
Let n(q) = -q**2 - 2. Let w be (-74)/(-6) + (-4)/12. Let o be (-8)/w - (-1)/(-3). Let x = o + 3. Give n(x).
-6
Let m = 6 - 6. Let w(u) = m*u - u**2 + 2*u - u. Give w(0).
0
Let t(q) = 7*q - 1. Suppose 0 = 2*m - 6 - 0. Suppose -k - m*v = -9, 2*k = 5*k + v - 11. Let x be (-2)/k*(-3)/2. Determine t(x).
6
Let b(y) = y. Let w(x) = x - 19. Let k(n) = -n + 9. Let l(a) = 13*k(a) + 6*w(a). Let r(j) = 5*b(j) + l(j). Calculate r(2).
-1
Suppose 4*d + 5*y = 25, -5*y + 6 = -3*d - 19. Let x = 3 - d. Let i(a) = 2*a**3 - 4*a - a**3 - a**2 + 0*a**2. Determine i(x).
6
Let s(k) = k**2 - 3*k + 3. Let r be (-2)/4 + (-2)/(-4). Suppose r*u - 5*u - 2*t = -70, 0 = 5*u - 4*t - 40. Suppose -u = -7*z + 4*z. Determine s(z).
7
Let j(u) = u - 5. Let v be j(5). Suppose v = 4*m + 2*t - 20, 4*m + 3*t - 17 - 1 = 0. Let f(y) = -y - 3. Calculate f(m).
-9
Let x(p) = -p**2 + 4*p - 2. Suppose 0 = -3*d + 31 + 2. Suppose o - d = -9. Calculate x(o).
2
Let j(q) be the third derivative of -2*q**2 + 1/30*q**5 + 1/6*q**3 + 0 + 0*q + 1/8*q**4. Let y(b) = 3*b**3 - b**2 - 2*b - 1. Let h be y(-1). Determine j(h).
10
Let o be 8/36 + 2/(-9). Let l(d) = -3 + 3 + 4*d + o. Let p(v) = -v. Let s be p(1). Determine l(s).
-4
Suppose -4*z - 2*q + 12 = 0, 3*z + 3*q - 23 = -8. Let x(d) = 3*d - z - d**3 - d + 4*d - 3*d. Calculate x(2).
-3
Let o(u) = 0*u - u + 4 + 3. Let p(d) = d**2 - 12*d + 6. Let c be p(12). Calculate o(c).
1
Suppose 4*q = 2*q + 18. Let u be 3*3/q + 2. Let b(x) = -x**3 + 5*x**2 - 3*x. Determine b(u).
9
Let p(x) = 4*x**3 + 3*x - 5. Let b(f) = -3*f**3 - f**2